List the prime factors of 44665.
5, 8933
What are the prime factors of 1189?
29, 41
What are the prime factors of 6479?
11, 19, 31
List the prime factors of 19093.
61, 313
List the prime factors of 815.
5, 163
List the prime factors of 12024.
2, 3, 167
List the prime factors of 29348.
2, 11, 23, 29
List the prime factors of 61849.
127, 487
List the prime factors of 27305.
5, 43, 127
List the prime factors of 18282.
2, 3, 11, 277
What are the prime factors of 13008?
2, 3, 271
What are the prime factors of 12835?
5, 17, 151
What are the prime factors of 2194?
2, 1097
List the prime factors of 8193.
3, 2731
What are the prime factors of 86?
2, 43
List the prime factors of 3573.
3, 397
What are the prime factors of 1497?
3, 499
List the prime factors of 11055.
3, 5, 11, 67
List the prime factors of 648.
2, 3
List the prime factors of 21140.
2, 5, 7, 151
What are the prime factors of 973?
7, 139
What are the prime factors of 291?
3, 97
What are the prime factors of 1049?
1049
What are the prime factors of 68015?
5, 61, 223
What are the prime factors of 326?
2, 163
What are the prime factors of 5025?
3, 5, 67
List the prime factors of 1026.
2, 3, 19
List the prime factors of 30607.
127, 241
What are the prime factors of 1402?
2, 701
List the prime factors of 35202.
2, 3, 5867
What are the prime factors of 1334?
2, 23, 29
What are the prime factors of 9908?
2, 2477
List the prime factors of 103.
103
List the prime factors of 70679.
7, 23, 439
List the prime factors of 1335.
3, 5, 89
What are the prime factors of 30003?
3, 73, 137
List the prime factors of 933.
3, 311
What are the prime factors of 3771?
3, 419
List the prime factors of 34555.
5, 6911
What are the prime factors of 1145?
5, 229
What are the prime factors of 37?
37
List the prime factors of 27.
3
List the prime factors of 172999.
172999
List the prime factors of 9421.
9421
What are the prime factors of 33872?
2, 29, 73
What are the prime factors of 29990?
2, 5, 2999
List the prime factors of 3782.
2, 31, 61
What are the prime factors of 1469?
13, 113
What are the prime factors of 82036?
2, 20509
List the prime factors of 173.
173
What are the prime factors of 700?
2, 5, 7
What are the prime factors of 47133?
3, 5237
List the prime factors of 23072.
2, 7, 103
What are the prime factors of 37183?
19, 103
List the prime factors of 85369.
85369
List the prime factors of 4871.
4871
List the prime factors of 40363.
181, 223
List the prime factors of 1815.
3, 5, 11
What are the prime factors of 1675?
5, 67
List the prime factors of 9803.
9803
What are the prime factors of 12642?
2, 3, 7, 43
What are the prime factors of 908?
2, 227
What are the prime factors of 910?
2, 5, 7, 13
What are the prime factors of 22705?
5, 19, 239
What are the prime factors of 1360?
2, 5, 17
What are the prime factors of 1700?
2, 5, 17
List the prime factors of 2452.
2, 613
List the prime factors of 16206.
2, 3, 37, 73
What are the prime factors of 3837?
3, 1279
List the prime factors of 32023.
31, 1033
What are the prime factors of 97846?
2, 7, 29, 241
List the prime factors of 2062.
2, 1031
List the prime factors of 8906.
2, 61, 73
What are the prime factors of 802?
2, 401
What are the prime factors of 7453?
29, 257
List the prime factors of 105411.
3, 41, 857
List the prime factors of 133.
7, 19
List the prime factors of 48490.
2, 5, 13, 373
What are the prime factors of 6321?
3, 7, 43
What are the prime factors of 10000?
2, 5
List the prime factors of 21588.
2, 3, 7, 257
List the prime factors of 11781.
3, 7, 11, 17
What are the prime factors of 6065?
5, 1213
List the prime factors of 5257.
7, 751
List the prime factors of 9804.
2, 3, 19, 43
What are the prime factors of 64?
2
List the prime factors of 41410.
2, 5, 41, 101
List the prime factors of 37.
37
List the prime factors of 1374.
2, 3, 229
List the prime factors of 129629.
129629
List the prime factors of 4509.
3, 167
List the prime factors of 14354.
2, 7177
What are the prime factors of 3934?
2, 7, 281
What are the prime factors of 4839?
3, 1613
What are the prime factors of 13610?
2, 5, 1361
List the prime factors of 26201.
7, 19, 197
What are the prime factors of 1743?
3, 7, 83
List the prime factors of 30731.
79, 389
List the prime factors of 33827.
33827
What are the prime factors of 1603?
7, 229
What are the prime factors of 74308?
2, 13, 1429
List the prime factors of 4415.
5, 883
What are the prime factors of 92252?
2, 23063
What are the prime factors of 1370?
2, 5, 137
What are the prime factors of 851?
23, 37
List the prime factors of 19.
19
What are the prime factors of 85447?
85447
What are the prime factors of 2621?
2621
List the prime factors of 81318.
2, 3, 13553
List the prime factors of 495.
3, 5, 11
What are the prime factors of 50930?
2, 5, 11, 463
What are the prime factors of 1644?
2, 3, 137
What are the prime factors of 1770?
2, 3, 5, 59
List the prime factors of 17777.
29, 613
What are the prime factors of 40996?
2, 37, 277
What are the prime factors of 3779?
3779
List the prime factors of 706.
2, 353
What are the prime factors of 55048?
2, 7, 983
What are the prime factors of 6545?
5, 7, 11, 17
What are the prime factors of 2082?
2, 3, 347
What are the prime factors of 2785?
5, 557
List the prime factors of 1191.
3, 397
What are the prime factors of 30645?
3, 5, 227
What are the prime factors of 556?
2, 139
What are the prime factors of 3355?
5, 11, 61
What are the prime factors of 697?
17, 41
List the prime factors of 45580.
2, 5, 43, 53
List the prime factors of 152.
2, 19
What are the prime factors of 42717?
3, 29, 491
What are the prime factors of 1654?
2, 827
What are the prime factors of 7381?
11, 61
List the prime factors of 23794.
2, 11897
List the prime factors of 83058.
2, 3, 109, 127
List the prime factors of 111470.
2, 5, 71, 157
What are the prime factors of 32016?
2, 3, 23, 29
List the prime factors of 9042.
2, 3, 11, 137
List the prime factors of 4808.
2, 601
What are the prime factors of 14664?
2, 3, 13, 47
List the prime factors of 13008.
2, 3, 271
List the prime factors of 92691.
3, 3433
What are the prime factors of 7006?
2, 31, 113
List the prime factors of 89493.
3, 23, 1297
What are the prime factors of 5795?
5, 19, 61
List the prime factors of 29688.
2, 3, 1237
List the prime factors of 1856.
2, 29
List the prime factors of 22126.
2, 13, 23, 37
List the prime factors of 3398.
2, 1699
What are the prime factors of 779?
19, 41
List the prime factors of 2236.
2, 13, 43
List the prime factors of 288.
2, 3
List the prime factors of 26298.
2, 3, 487
List the prime factors of 22443.
3, 7481
What are the prime factors of 14489?
14489
List the prime factors of 15226.
2, 23, 331
What are the prime factors of 3725?
5, 149
List the prime factors of 2290.
2, 5, 229
List the prime factors of 8743.
7, 1249
What are the prime factors of 8738?
2, 17, 257
What are the prime factors of 191973?
3, 89, 719
What are the prime factors of 142?
2, 71
What are the prime factors of 18104?
2, 31, 73
List the prime factors of 1888.
2, 59
List the prime factors of 15.
3, 5
What are the prime factors of 2401?
7
List the prime factors of 1987.
1987
List the prime factors of 10687.
10687
What are the prime factors of 1441?
11, 131
What are the prime factors of 9537?
3, 11, 17
List the prime factors of 2156.
2, 7, 11
List the prime factors of 66542.
2, 7, 97
What are the prime factors of 949?
13, 73
List the prime factors of 68449.
68449
What are the prime factors of 28738?
2, 14369
What are the prime factors of 12274?
2, 17, 19
List the prime factors of 162089.
19, 449
What are the prime factors of 1819?
17, 107
What are the prime factors of 371?
7, 53
List the prime factors of 25722.
2, 3, 1429
List the prime factors of 3106.
2, 1553
What are the prime factors of 118660?
2, 5, 17, 349
What are the prime factors of 30185?
5, 6037
What are the prime factors of 2681?
7, 383
List the prime factors of 122551.
11, 13, 857
List the prime factors of 1454.
2, 727
List the prime factors of 12417.
3, 4139
List the prime factors of 3504.
2, 3, 73
List the prime factors of 30223.
30223
What are the prime factors of 9197?
17, 541
List the prime factors of 11174.
2, 37, 151
List the prime factors of 11887.
11887
List the prime factors of 67663.
71, 95